factor of d and 90.
30
Let l(c) = -c**3 - 14*c**2 - 72*c - 42. Let f be l(-8). Calculate the highest common divisor of f and 1275.
75
Let f be -3 + 0 + 0 - (-4)/(-4). Let t be (-57)/(-5) - 4 - f/(-10). What is the greatest common factor of 35 and t?
7
Let k be 1/3 + 10/((-270)/(-639)). Let v be ((-76)/95)/((-2)/480). What is the greatest common divisor of v and k?
24
Let j = 0 - -16. Suppose 1061*b - 969*b = 4416 + 2208. What is the greatest common divisor of b and j?
8
Let a(n) = 16*n**3 - 2*n**2 + 5*n + 3. Let g be a(3). Suppose 0*k + g = 6*k. What is the greatest common divisor of k and 234?
18
Let k be ((-1)/(6/(-111)))/(19/40242). Calculate the highest common factor of 222 and k.
111
Let x(r) = -r + 7. Let k be x(10). Let w(u) = -5*u - 4. Let f be w(k). Suppose -159 = -3*c - 27. What is the greatest common divisor of f and c?
11
Let m = -1 + 4. Let k be 14/m + 2/(-3). Suppose 0 = 28*s - 32*s + 3*a + 55, -3*s = a + 1. What is the highest common divisor of s and k?
4
Suppose -30*j + 36*j - 12 = 0. Suppose 0 = 2*s + 4*r - 251 - 73, -304 = -j*s + r. What is the highest common factor of s and 7?
7
Suppose -j = 4, -2*j = -g + 3*j + 42. Let z = 2 + g. Suppose 3*c + 0*x = 5*x + 57, 3*c = -4*x + 84. Calculate the highest common divisor of z and c.
24
Let q be ((-28)/42)/(4/(-26) - (-4685)/30537). Calculate the highest common divisor of q and 162.
54
Suppose -6*v = -149 - 67. Let i = 49 - v. Calculate the highest common divisor of i and 91.
13
Let q be (2/(-4))/(((-1027)/(-2470))/(-79)). Calculate the highest common divisor of 8208 and q.
19
Let u(m) be the second derivative of 13*m**5/5 - m**4/6 + m**3/2 - 4*m**2 - 57*m. Let f be u(2). Calculate the highest common divisor of 14 and f.
14
Let m(y) = -415*y - 779. Let j be m(-2). Let k be (-10)/(-2)*(-136)/(-10). Calculate the greatest common factor of k and j.
17
Suppose -3*s + 4*a = -92, 4*a + 34 = -s + 86. Suppose 5*i - 339 + 79 = 0. Let v = 106 - i. Calculate the greatest common factor of v and s.
18
Let n be 146 - (3 + -7 + 8). Let q be 638/9 + 5/45. Calculate the greatest common factor of q and n.
71
Suppose 0 = -5*z - 0*z + 85. Let n = 379949 + -379942. What is the greatest common divisor of n and z?
1
Let i = -2469 - -2494. What is the highest common divisor of i and 25?
25
Suppose -4*z + 2626 = 2*z - 3434. What is the highest common factor of z and 404?
202
Let z be (-2)/(-2*1/14). Suppose -19*c = -18*c. Suppose -5*w + 325 - 185 = c. What is the highest common factor of w and z?
14
Suppose -u + 32 = -g, -19*g + 289 = 8*u - 16*g. What is the greatest common factor of u and 301?
7
Suppose -3*i = -m - 82 + 718, -2*i + 3*m - 417 = 0. Let p = i + 227. Calculate the highest common divisor of p and 126.
14
Suppose -20*w + 182*w = 82813 - 7969. What is the highest common divisor of 374 and w?
22
Suppose -99*u + 2905 + 3863 = 2610. What is the highest common divisor of u and 4746?
42
Suppose 7*p - 5*n = 2*p + 95, 4*n = -5*p + 167. Calculate the greatest common divisor of p and 729.
27
Let m(x) = 1473*x - 2262. Let o be m(5). Calculate the highest common divisor of o and 21.
21
Let t(s) = -544*s - 1608. Let o be t(-6). What is the greatest common factor of o and 144?
72
Let r be 4*(-4)/64 - (-58)/8. Suppose 205 = r*c + 9. Calculate the greatest common divisor of c and 84.
28
Let a = -18539 - -19117. What is the highest common divisor of 10 and a?
2
Suppose -3*d - 2403 = -2*u, -2*d + 3*u - 4005 = 3*d. Let z = d + 1179. Let m be ((-168)/(-24))/(8/48). What is the highest common divisor of z and m?
42
Let l(s) = s**3 + s**2 - 124*s + 120. Let j be l(0). Calculate the greatest common divisor of j and 1995.
15
Let i(o) = -45*o + 1233. Let g be i(27). Suppose -3*y + 1131 = -111. Calculate the greatest common divisor of g and y.
18
Let f = -291 + 405. What is the greatest common divisor of 1425 and f?
57
Let m(t) = t**3 + 10*t**2 + t - 5. Let r be m(-6). Let f(w) = 12*w**2 + 367*w - 1114. Let g be f(3). Calculate the greatest common divisor of g and r.
19
Let m(x) = x**3 - x**2 - 4*x + 1. Let a be m(-2). Let t be -6*((2 - a) + -55). Calculate the greatest common factor of t and 60.
60
Let k = -180 + 184. Suppose -w = -k*w + 36. Calculate the highest common divisor of 108 and w.
12
Let f(t) = -2*t**3 - 25*t**2 + 3*t + 21. Let p be f(-14). Suppose p = 11*n - 2*n. Calculate the greatest common divisor of n and 7.
7
Let w = 21016 - 20964. What is the highest common factor of 25532 and w?
52
Let z = 1349 - 1325. Calculate the greatest common factor of z and 24.
24
Let p = -10451 - -11369. What is the highest common divisor of 297 and p?
27
Let y = 45010 + -10620. What is the highest common factor of y and 38?
38
Suppose -2*f + 127 = 63. Suppose 24 = -2*r + f. Suppose -90 = -4*s - 5*m, -r*s + 3*m = -2*m - 70. Calculate the highest common factor of 30 and s.
10
Let r(n) = -n**3 - 13*n**2 - 13*n + 4. Let b be r(-12). Suppose 0 = f - 4 - b. Let g = 43 - -77. What is the greatest common divisor of g and f?
20
Let b = 44405 + -33029. Calculate the greatest common divisor of b and 576.
144
Suppose 0 = 53*i - 24*i - 29. Calculate the greatest common factor of i and 167.
1
Suppose -5*l + 114 = j, 2*l = -7*j + 4*j + 290. Suppose -3*y + 6 = 0, 99*k = j*k - y + 367. Calculate the highest common divisor of 1387 and k.
73
Let d(b) = -3*b + 60. Let s be d(19). Suppose 12 = s*g - 57. Suppose -3*j + g = -4. Calculate the highest common factor of 12 and j.
3
Let y = -5954 - -6144. Calculate the greatest common factor of y and 90.
10
Suppose 41*o + 19*o + 6*o = 259380. What is the highest common divisor of o and 30?
30
Suppose 0 = 5*d + 198*h - 201*h - 1002, -2*h = 4*d - 762. What is the greatest common divisor of 6513 and d?
39
Let l(h) = -2*h**2 - 19*h + 4. Let x(u) = 3*u**2 + 38*u - 8. Let c(g) = 5*l(g) + 3*x(g). Let t be c(18). Calculate the greatest common factor of t and 16.
2
Suppose r - 3*k - 69 = -r, -5*k - 133 = -4*r. Let t be (-32)/72 - (-5412)/r. What is the greatest common divisor of 80 and t?
40
Let o(h) = -h**3 + 26*h**2 - 48*h + 112. Let d be o(24). Calculate the highest common factor of 28 and d.
28
Let s be (-12)/14*((-42)/12)/1. Suppose 0 = s*g - 169 + 133. What is the highest common factor of g and 4?
4
Let x = -14696 + 14976. What is the greatest common divisor of 1624 and x?
56
Suppose 343 - 98 + 861 = 14*f. What is the highest common divisor of 79 and f?
79
Let h(t) = t**2 - 21*t - 97. Let c be h(-4). What is the highest common divisor of c and 161?
1
Suppose -5*v - 34 = -174. Let y be -3 - v/8*(-1 - 15). Let d = 59 - y. What is the greatest common factor of 4 and d?
2
Let f = 112 - -198. Let w = 20343 + -20219. Calculate the highest common divisor of f and w.
62
Let v be (2 + 63)/((3/(-2))/(255/(-170))). Let j be (-6)/15 - 1042/(-5). Calculate the highest common divisor of v and j.
13
Suppose v = -609 + 621. Suppose 5*d - d + 88 = 0. Let j = v - d. Calculate the greatest common divisor of 306 and j.
34
Let x(k) = k**3 + 14*k**2 + 11*k - 16. Let c be x(-13). Suppose 4 + c = 2*f. Let a = f + 8. What is the highest common divisor of 5 and a?
5
Let u be 3/(4/10 + 1563*4/(-16080)). Calculate the highest common factor of u and 28.
4
Suppose 66*h + 39 = 69*h + 5*p, -5*p - 99 = -3*h. Calculate the greatest common factor of h and 1633.
23
Suppose -46*s + 51*s + 26 = 3*r, -3*s - 2 = 5*r. Let q be 94/(-4)*2 + -2. Let t be r/(-7) - 994/q. Calculate the greatest common factor of 15 and t.
5
Let m = 1235 + -1205. Calculate the highest common divisor of m and 405.
15
Let s be 18635*3 - (26 + -243)/31. What is the highest common factor of s and 241?
241
Suppose -11*h + 21 = -12. Suppose n = -2*w + 291, 77 = -w + h*n + 233. What is the greatest common factor of 98 and w?
49
Let y be -6 - -3 - (0 + -5). What is the highest common factor of 47 and y?
1
Suppose 3*m - 5*b - 12 = 0, 34*b = -3*m + 30*b + 66. What is the greatest common divisor of 665 and m?
7
Let d = -2021 - -2071. Calculate the greatest common divisor of 50 and d.
50
Let p(x) = 3*x**2 + x + 3. Let q be p(5). Let t = -22 + q. Let d = -33 + t. Calculate the highest common factor of d and 4.
4
Let w(g) = 98*g + 357. Let r be w(0). What is the greatest common divisor of r and 399?
21
Let a = 18 + -15. Let x be a/18 + (-1978)/(-12). Let b(g) = -15*g + 255. Let n